{"id":27,"date":"2022-09-28T10:15:27","date_gmt":"2022-09-28T08:15:27","guid":{"rendered":"http:\/\/anneverwaerde.be\/?page_id=27"},"modified":"2025-03-10T19:52:53","modified_gmt":"2025-03-10T18:52:53","slug":"contact","status":"publish","type":"page","link":"https:\/\/anneverwaerde.be\/index.php\/contact\/","title":{"rendered":"Contact \/ Infos pratiques"},"content":{"rendered":"\n<h2 class=\"wp-block-heading\">Modalit\u00e9s pratiques<\/h2>\n\n\n\n<h3 class=\"wp-block-heading has-text-color\" style=\"color:#f9612a\">Consultations<\/h3>\n\n\n\n<p>Les consultations sont <strong>sur rendez-vous<\/strong>.&nbsp;<\/p>\n\n\n\n<p>Vous n\u2019\u00eates pas engag\u00e9.e pour un nombre pr\u00e9cis de s\u00e9ances.<\/p>\n\n\n\n<p><strong>\u00c0 l\u2019issue de chaque&nbsp;rencontre, nous discuterons de votre souhait de prolonger ou d&rsquo;arr\u00eater le suivi.<\/strong><\/p>\n\n\n\n<p><strong>Il n\u2019y a pas de sch\u00e9ma type car je m\u2019adapte aux attentes, au rythme et aux th\u00e9matiques de chaque personne<\/strong> mais en moyenne :<\/p>\n\n\n\n<ul class=\"wp-block-list\">\n<li>le nombre de consultations pour un bilan d\u2019orientation d\u2019un.e jeune est de 1 \u00e0 4 s\u00e9ances&nbsp;; <\/li>\n\n\n\n<li>pour les adultes, le nombre de s\u00e9ances est en moyenne de 5 \u00e0 12 s\u00e9ances\u00a0;<\/li>\n\n\n\n<li>pour la m\u00e9thodologie de travail, le nombre de s\u00e9ances est plus variable.<\/li>\n<\/ul>\n\n\n\n<h3 class=\"wp-block-heading has-text-color\" style=\"color:#f9612a\">Tarifs<\/h3>\n\n\n\n<ul class=\"wp-block-list\">\n<li>La premi\u00e8re s\u00e9ance dure environ 1h15 et revient \u00e0 90 euros.<\/li>\n\n\n\n<li>Les s\u00e9ances suivantes durent 1 heure et reviennent \u00e0 70 euros.<\/li>\n<\/ul>\n\n\n\n<p>Le paiement se fait en liquide ou par QR code le jour m\u00eame du rendez-vous.<\/p>\n\n\n\n<p>Toute s\u00e9ance non annul\u00e9e 2 jours ouvrables \u00e0 l\u2019avance sera due.<\/p>\n\n\n\n<p>La plupart des mutuelles remboursent une partie du co\u00fbt des s\u00e9ances de soins psychologiques. N\u2019h\u00e9sitez pas \u00e0 vous renseigner aupr\u00e8s de la v\u00f4tre afin de conna\u00eetre vos avantages et \u00e0 me demander de remplir les documents de demande d\u2019intervention (venir avec le formulaire de votre mutuelle en s\u00e9ance).&nbsp;<\/p>\n\n\n\n<p>Le prix ne doit pas \u00eatre un obstacle \u00e0 la consultation, en cas de souci je vous invite \u00e0 m\u2019en parler.&nbsp;<\/p>\n\n\n\n<h3 class=\"wp-block-heading has-text-color\" style=\"color:#f9612a\">Acc\u00e8s<\/h3>\n\n\n\n<p><a href=\"http:\/\/mediry.be\/\" target=\"_blank\" rel=\"noreferrer noopener\">Cabinet m\u00e9dical M\u00e9diry<\/a> \/ Place du P\u00e8re Bruno Reynders, 3 \u00e0 1340 Ottignies<\/p>\n\n\n\n<p>Le cabinet se situe&nbsp;:<\/p>\n\n\n\n<ul class=\"wp-block-list\">\n<li>\u00e0 10 m\u00e8tres de l\u2019arr\u00eat de bus&nbsp;<a href=\"https:\/\/www.infotec.be\/Medeplacer\/Horaires\/Ligne\/tabid\/613\/ligne\/B17\/titre\/17%20Ottignies%20-%20Limelette%20-%20Petit-Ry\/language\/mobile\/choice.html\" target=\"_blank\" rel=\"noreferrer noopener\">ligne 17<\/a>&nbsp;(<a href=\"https:\/\/www.infotec.be\/published\/Document.axd?document=9328\" target=\"_blank\" rel=\"noreferrer noopener\">Horaire<\/a>),<\/li>\n\n\n\n<li>en face de l\u2019\u00e9glise et de l\u2019\u00e9cole St Pie X,<\/li>\n\n\n\n<li>\u00e0 une quinzaine de minutes \u00e0 pied de la gare d\u2019Ottignies (1,3 km),<\/li>\n\n\n\n<li>Le parking autour du cabinet est ais\u00e9.<\/li>\n<\/ul>\n\n\n\n<p>T\u00e9l. : <strong><a href=\"tel:+32497426798\">+32(0)497.426.798<\/a><\/strong><\/p>\n\n\n\n<p>Mail : <strong><a href=\"mailto:anne.verwaerde@proton.me\">anne.verwaerde@proton.me<\/a><\/strong><\/p>\n\n\n\n<ul class=\"wp-block-social-links is-layout-flex wp-block-social-links-is-layout-flex\"><li class=\"wp-social-link wp-social-link-facebook  wp-block-social-link\"><a href=\"https:\/\/www.facebook.com\/profile.php?id=100087777163612&#038;sk=about\" class=\"wp-block-social-link-anchor\"><svg width=\"24\" height=\"24\" viewBox=\"0 0 24 24\" version=\"1.1\" xmlns=\"http:\/\/www.w3.org\/2000\/svg\" aria-hidden=\"true\" focusable=\"false\"><path d=\"M12 2C6.5 2 2 6.5 2 12c0 5 3.7 9.1 8.4 9.9v-7H7.9V12h2.5V9.8c0-2.5 1.5-3.9 3.8-3.9 1.1 0 2.2.2 2.2.2v2.5h-1.3c-1.2 0-1.6.8-1.6 1.6V12h2.8l-.4 2.9h-2.3v7C18.3 21.1 22 17 22 12c0-5.5-4.5-10-10-10z\"><\/path><\/svg><span class=\"wp-block-social-link-label screen-reader-text\">Facebook<\/span><\/a><\/li>\n\n<li class=\"wp-social-link wp-social-link-linkedin  wp-block-social-link\"><a href=\"https:\/\/www.linkedin.com\/in\/anne-verwaerde-57644683\/\" class=\"wp-block-social-link-anchor\"><svg width=\"24\" height=\"24\" viewBox=\"0 0 24 24\" version=\"1.1\" xmlns=\"http:\/\/www.w3.org\/2000\/svg\" aria-hidden=\"true\" focusable=\"false\"><path d=\"M19.7,3H4.3C3.582,3,3,3.582,3,4.3v15.4C3,20.418,3.582,21,4.3,21h15.4c0.718,0,1.3-0.582,1.3-1.3V4.3 C21,3.582,20.418,3,19.7,3z M8.339,18.338H5.667v-8.59h2.672V18.338z M7.004,8.574c-0.857,0-1.549-0.694-1.549-1.548 c0-0.855,0.691-1.548,1.549-1.548c0.854,0,1.547,0.694,1.547,1.548C8.551,7.881,7.858,8.574,7.004,8.574z M18.339,18.338h-2.669 v-4.177c0-0.996-0.017-2.278-1.387-2.278c-1.389,0-1.601,1.086-1.601,2.206v4.249h-2.667v-8.59h2.559v1.174h0.037 c0.356-0.675,1.227-1.387,2.526-1.387c2.703,0,3.203,1.779,3.203,4.092V18.338z\"><\/path><\/svg><span class=\"wp-block-social-link-label screen-reader-text\">LinkedIn<\/span><\/a><\/li><\/ul>\n\n\n\n<p>N\u2019h\u00e9sitez pas \u00e0 utiliser le formulaire ci-dessous pour tout premier contact.<\/p>\n\n\n<div class=\"wpforms-container wpforms-container-full\" id=\"wpforms-41\"><form id=\"wpforms-form-41\" class=\"wpforms-validate wpforms-form wpforms-ajax-form\" data-formid=\"41\" method=\"post\" enctype=\"multipart\/form-data\" action=\"\/index.php\/wp-json\/wp\/v2\/pages\/27\" data-token=\"a02702f0d96fb9317a1056183e8cd1c3\"><noscript class=\"wpforms-error-noscript\">Veuillez activer JavaScript dans votre navigateur pour remplir ce formulaire.<\/noscript><div class=\"wpforms-field-container\"><div id=\"wpforms-41-field_0-container\" class=\"wpforms-field wpforms-field-name\" data-field-id=\"0\"><label class=\"wpforms-field-label\" for=\"wpforms-41-field_0\">Nom <span class=\"wpforms-required-label\">*<\/span><\/label><div class=\"wpforms-field-row wpforms-field-medium\"><div class=\"wpforms-field-row-block wpforms-first wpforms-one-half\"><input type=\"text\" id=\"wpforms-41-field_0\" class=\"wpforms-field-name-first wpforms-field-required\" name=\"wpforms[fields][0][first]\" required><label for=\"wpforms-41-field_0\" class=\"wpforms-field-sublabel after \">Pr\u00e9nom<\/label><\/div><div class=\"wpforms-field-row-block wpforms-one-half\"><input type=\"text\" id=\"wpforms-41-field_0-last\" class=\"wpforms-field-name-last wpforms-field-required\" name=\"wpforms[fields][0][last]\" required><label for=\"wpforms-41-field_0-last\" class=\"wpforms-field-sublabel after \">Nom<\/label><\/div><\/div><\/div><div id=\"wpforms-41-field_1-container\" class=\"wpforms-field wpforms-field-email\" data-field-id=\"1\"><label class=\"wpforms-field-label\" for=\"wpforms-41-field_1\">E-mail <span class=\"wpforms-required-label\">*<\/span><\/label><input type=\"email\" id=\"wpforms-41-field_1\" class=\"wpforms-field-medium wpforms-field-required\" name=\"wpforms[fields][1]\" required><\/div><div id=\"wpforms-41-field_2-container\" class=\"wpforms-field wpforms-field-textarea\" data-field-id=\"2\"><label class=\"wpforms-field-label\" for=\"wpforms-41-field_2\">Commentaire ou message<\/label><textarea id=\"wpforms-41-field_2\" class=\"wpforms-field-medium\" name=\"wpforms[fields][2]\" ><\/textarea><\/div><\/div><div class=\"wpforms-submit-container\"><input type=\"hidden\" name=\"wpforms[id]\" value=\"41\"><input type=\"hidden\" name=\"wpforms[author]\" value=\"1\"><button type=\"submit\" name=\"wpforms[submit]\" id=\"wpforms-submit-41\" class=\"wpforms-submit\" data-alt-text=\"Envoi...\" data-submit-text=\"Envoyer\" aria-live=\"assertive\" value=\"wpforms-submit\">Envoyer<\/button><img loading=\"lazy\" decoding=\"async\" src=\"https:\/\/anneverwaerde.be\/wp-content\/plugins\/wpforms-lite\/assets\/images\/submit-spin.svg\" class=\"wpforms-submit-spinner\" style=\"display: none;\" width=\"26\" height=\"26\" alt=\"Chargement en cours\"><\/div><\/form><\/div>  <!-- .wpforms-container -->","protected":false},"excerpt":{"rendered":"<p>Modalit\u00e9s pratiques Consultations Les consultations sont sur rendez-vous.&nbsp; Vous n\u2019\u00eates pas engag\u00e9.e pour un nombre pr\u00e9cis de s\u00e9ances. \u00c0 l\u2019issue de chaque&nbsp;rencontre, nous discuterons de votre souhait de prolonger ou d&rsquo;arr\u00eater le suivi. Il n\u2019y a pas de sch\u00e9ma type car je m\u2019adapte aux attentes, au rythme et aux th\u00e9matiques de chaque personne mais en [&hellip;]<\/p>\n","protected":false},"author":1,"featured_media":0,"parent":0,"menu_order":5,"comment_status":"closed","ping_status":"closed","template":"page-fullwidth.php","meta":{"footnotes":""},"class_list":["post-27","page","type-page","status-publish","hentry"],"yoast_head":"<!-- This site is optimized with the Yoast SEO plugin v19.7.1 - https:\/\/yoast.com\/wordpress\/plugins\/seo\/ -->\n<title>Contact \/ Infos pratiques - Anne Verwaerde<\/title>\n<meta name=\"description\" content=\"Adresse : Centre m\u00e9dical M\u00e9diry \/ Place du P\u00e8re Bruno Reynders, 3 \u00e0 1340 Ottignies T\u00e9l. : +32(0)497426798Mail : anne.verwaerde@proton.me\" \/>\n<meta name=\"robots\" content=\"index, follow, max-snippet:-1, max-image-preview:large, max-video-preview:-1\" \/>\n<link rel=\"canonical\" href=\"https:\/\/anneverwaerde.be\/index.php\/contact\/\" \/>\n<meta property=\"og:locale\" content=\"fr_FR\" \/>\n<meta property=\"og:type\" content=\"article\" \/>\n<meta property=\"og:title\" content=\"Contact \/ Infos pratiques - Anne Verwaerde\" \/>\n<meta property=\"og:description\" content=\"Adresse : Centre m\u00e9dical M\u00e9diry \/ Place du P\u00e8re Bruno Reynders, 3 \u00e0 1340 Ottignies T\u00e9l. : +32(0)497426798Mail : anne.verwaerde@proton.me\" \/>\n<meta property=\"og:url\" content=\"https:\/\/anneverwaerde.be\/index.php\/contact\/\" \/>\n<meta property=\"og:site_name\" content=\"Anne Verwaerde\" \/>\n<meta property=\"article:modified_time\" content=\"2025-03-10T18:52:53+00:00\" \/>\n<meta name=\"twitter:card\" content=\"summary_large_image\" \/>\n<meta name=\"twitter:label1\" content=\"Dur\u00e9e de lecture estim\u00e9e\" \/>\n\t<meta name=\"twitter:data1\" content=\"2 minutes\" \/>\n<script type=\"application\/ld+json\" class=\"yoast-schema-graph\">{\"@context\":\"https:\/\/schema.org\",\"@graph\":[{\"@type\":\"WebPage\",\"@id\":\"https:\/\/anneverwaerde.be\/index.php\/contact\/\",\"url\":\"https:\/\/anneverwaerde.be\/index.php\/contact\/\",\"name\":\"Contact \/ Infos pratiques - Anne Verwaerde\",\"isPartOf\":{\"@id\":\"https:\/\/anneverwaerde.be\/#website\"},\"datePublished\":\"2022-09-28T08:15:27+00:00\",\"dateModified\":\"2025-03-10T18:52:53+00:00\",\"description\":\"Adresse : Centre m\u00e9dical M\u00e9diry \/ Place du P\u00e8re Bruno Reynders, 3 \u00e0 1340 Ottignies T\u00e9l. : +32(0)497426798Mail : anne.verwaerde@proton.me\",\"breadcrumb\":{\"@id\":\"https:\/\/anneverwaerde.be\/index.php\/contact\/#breadcrumb\"},\"inLanguage\":\"fr-FR\",\"potentialAction\":[{\"@type\":\"ReadAction\",\"target\":[\"https:\/\/anneverwaerde.be\/index.php\/contact\/\"]}]},{\"@type\":\"BreadcrumbList\",\"@id\":\"https:\/\/anneverwaerde.be\/index.php\/contact\/#breadcrumb\",\"itemListElement\":[{\"@type\":\"ListItem\",\"position\":1,\"name\":\"Accueil\",\"item\":\"https:\/\/anneverwaerde.be\/\"},{\"@type\":\"ListItem\",\"position\":2,\"name\":\"Contact \/ Infos pratiques\"}]},{\"@type\":\"WebSite\",\"@id\":\"https:\/\/anneverwaerde.be\/#website\",\"url\":\"https:\/\/anneverwaerde.be\/\",\"name\":\"Anne Verwaerde\",\"description\":\"Psychologue clinicienne sp\u00e9cialis\u00e9e en orientation et en \u00e9ducation\",\"publisher\":{\"@id\":\"https:\/\/anneverwaerde.be\/#organization\"},\"potentialAction\":[{\"@type\":\"SearchAction\",\"target\":{\"@type\":\"EntryPoint\",\"urlTemplate\":\"https:\/\/anneverwaerde.be\/?s={search_term_string}\"},\"query-input\":\"required name=search_term_string\"}],\"inLanguage\":\"fr-FR\"},{\"@type\":\"Organization\",\"@id\":\"https:\/\/anneverwaerde.be\/#organization\",\"name\":\"Anne Verwaerde\",\"url\":\"https:\/\/anneverwaerde.be\/\",\"sameAs\":[],\"logo\":{\"@type\":\"ImageObject\",\"inLanguage\":\"fr-FR\",\"@id\":\"https:\/\/anneverwaerde.be\/#\/schema\/logo\/image\/\",\"url\":\"https:\/\/anneverwaerde.be\/wp-content\/uploads\/2022\/11\/cropped-Anne-Verwaerde.3.11.22-copie.gif\",\"contentUrl\":\"https:\/\/anneverwaerde.be\/wp-content\/uploads\/2022\/11\/cropped-Anne-Verwaerde.3.11.22-copie.gif\",\"width\":207,\"height\":200,\"caption\":\"Anne Verwaerde\"},\"image\":{\"@id\":\"https:\/\/anneverwaerde.be\/#\/schema\/logo\/image\/\"}}]}<\/script>\n<!-- \/ Yoast SEO plugin. -->","yoast_head_json":{"title":"Contact \/ Infos pratiques - Anne Verwaerde","description":"Adresse : Centre m\u00e9dical M\u00e9diry \/ Place du P\u00e8re Bruno Reynders, 3 \u00e0 1340 Ottignies T\u00e9l. : +32(0)497426798Mail : anne.verwaerde@proton.me","robots":{"index":"index","follow":"follow","max-snippet":"max-snippet:-1","max-image-preview":"max-image-preview:large","max-video-preview":"max-video-preview:-1"},"canonical":"https:\/\/anneverwaerde.be\/index.php\/contact\/","og_locale":"fr_FR","og_type":"article","og_title":"Contact \/ Infos pratiques - Anne Verwaerde","og_description":"Adresse : Centre m\u00e9dical M\u00e9diry \/ Place du P\u00e8re Bruno Reynders, 3 \u00e0 1340 Ottignies T\u00e9l. : +32(0)497426798Mail : anne.verwaerde@proton.me","og_url":"https:\/\/anneverwaerde.be\/index.php\/contact\/","og_site_name":"Anne Verwaerde","article_modified_time":"2025-03-10T18:52:53+00:00","twitter_card":"summary_large_image","twitter_misc":{"Dur\u00e9e de lecture estim\u00e9e":"2 minutes"},"schema":{"@context":"https:\/\/schema.org","@graph":[{"@type":"WebPage","@id":"https:\/\/anneverwaerde.be\/index.php\/contact\/","url":"https:\/\/anneverwaerde.be\/index.php\/contact\/","name":"Contact \/ Infos pratiques - Anne Verwaerde","isPartOf":{"@id":"https:\/\/anneverwaerde.be\/#website"},"datePublished":"2022-09-28T08:15:27+00:00","dateModified":"2025-03-10T18:52:53+00:00","description":"Adresse : Centre m\u00e9dical M\u00e9diry \/ Place du P\u00e8re Bruno Reynders, 3 \u00e0 1340 Ottignies T\u00e9l. : +32(0)497426798Mail : anne.verwaerde@proton.me","breadcrumb":{"@id":"https:\/\/anneverwaerde.be\/index.php\/contact\/#breadcrumb"},"inLanguage":"fr-FR","potentialAction":[{"@type":"ReadAction","target":["https:\/\/anneverwaerde.be\/index.php\/contact\/"]}]},{"@type":"BreadcrumbList","@id":"https:\/\/anneverwaerde.be\/index.php\/contact\/#breadcrumb","itemListElement":[{"@type":"ListItem","position":1,"name":"Accueil","item":"https:\/\/anneverwaerde.be\/"},{"@type":"ListItem","position":2,"name":"Contact \/ Infos pratiques"}]},{"@type":"WebSite","@id":"https:\/\/anneverwaerde.be\/#website","url":"https:\/\/anneverwaerde.be\/","name":"Anne Verwaerde","description":"Psychologue clinicienne sp\u00e9cialis\u00e9e en orientation et en \u00e9ducation","publisher":{"@id":"https:\/\/anneverwaerde.be\/#organization"},"potentialAction":[{"@type":"SearchAction","target":{"@type":"EntryPoint","urlTemplate":"https:\/\/anneverwaerde.be\/?s={search_term_string}"},"query-input":"required name=search_term_string"}],"inLanguage":"fr-FR"},{"@type":"Organization","@id":"https:\/\/anneverwaerde.be\/#organization","name":"Anne Verwaerde","url":"https:\/\/anneverwaerde.be\/","sameAs":[],"logo":{"@type":"ImageObject","inLanguage":"fr-FR","@id":"https:\/\/anneverwaerde.be\/#\/schema\/logo\/image\/","url":"https:\/\/anneverwaerde.be\/wp-content\/uploads\/2022\/11\/cropped-Anne-Verwaerde.3.11.22-copie.gif","contentUrl":"https:\/\/anneverwaerde.be\/wp-content\/uploads\/2022\/11\/cropped-Anne-Verwaerde.3.11.22-copie.gif","width":207,"height":200,"caption":"Anne Verwaerde"},"image":{"@id":"https:\/\/anneverwaerde.be\/#\/schema\/logo\/image\/"}}]}},"_links":{"self":[{"href":"https:\/\/anneverwaerde.be\/index.php\/wp-json\/wp\/v2\/pages\/27","targetHints":{"allow":["GET"]}}],"collection":[{"href":"https:\/\/anneverwaerde.be\/index.php\/wp-json\/wp\/v2\/pages"}],"about":[{"href":"https:\/\/anneverwaerde.be\/index.php\/wp-json\/wp\/v2\/types\/page"}],"author":[{"embeddable":true,"href":"https:\/\/anneverwaerde.be\/index.php\/wp-json\/wp\/v2\/users\/1"}],"replies":[{"embeddable":true,"href":"https:\/\/anneverwaerde.be\/index.php\/wp-json\/wp\/v2\/comments?post=27"}],"version-history":[{"count":36,"href":"https:\/\/anneverwaerde.be\/index.php\/wp-json\/wp\/v2\/pages\/27\/revisions"}],"predecessor-version":[{"id":455,"href":"https:\/\/anneverwaerde.be\/index.php\/wp-json\/wp\/v2\/pages\/27\/revisions\/455"}],"wp:attachment":[{"href":"https:\/\/anneverwaerde.be\/index.php\/wp-json\/wp\/v2\/media?parent=27"}],"curies":[{"name":"wp","href":"https:\/\/api.w.org\/{rel}","templated":true}]}}